8 and 84.
42
Calculate the highest common divisor of 15 and 795.
15
What is the greatest common factor of 255 and 165?
15
Calculate the highest common divisor of 148 and 4.
4
Calculate the highest common divisor of 20 and 365.
5
Calculate the highest common divisor of 45 and 105.
15
What is the greatest common divisor of 560 and 10?
10
What is the greatest common factor of 136 and 8?
8
What is the highest common factor of 112 and 14?
14
Calculate the highest common divisor of 89 and 7832.
89
Calculate the highest common factor of 13 and 104.
13
What is the highest common divisor of 3689 and 476?
119
What is the highest common divisor of 112 and 56?
56
What is the greatest common divisor of 2 and 256?
2
Calculate the highest common factor of 12 and 68.
4
What is the greatest common factor of 265 and 106?
53
Calculate the highest common divisor of 220 and 2080.
20
What is the greatest common factor of 64 and 256?
64
What is the highest common divisor of 2107 and 196?
49
Calculate the highest common divisor of 54 and 540.
54
What is the highest common factor of 10 and 466?
2
What is the greatest common divisor of 78 and 318?
6
What is the highest common factor of 13 and 18551?
13
What is the greatest common divisor of 66906 and 126?
126
Calculate the highest common divisor of 26 and 26.
26
Calculate the highest common divisor of 8 and 72.
8
What is the greatest common factor of 102 and 6?
6
What is the greatest common factor of 104 and 78?
26
Calculate the highest common divisor of 16 and 52.
4
What is the greatest common factor of 1755 and 65?
65
Calculate the greatest common divisor of 210 and 84.
42
What is the highest common divisor of 3485 and 1445?
85
What is the highest common factor of 2 and 802?
2
What is the highest common factor of 50193 and 54?
27
Calculate the greatest common divisor of 12 and 732.
12
What is the greatest common factor of 266 and 8?
2
Calculate the highest common divisor of 119 and 221.
17
What is the highest common divisor of 2536 and 8?
8
Calculate the greatest common divisor of 31 and 2573.
31
What is the highest common factor of 39 and 9?
3
What is the greatest common divisor of 1908 and 108?
36
What is the highest common factor of 42 and 10941?
21
Calculate the highest common divisor of 3417 and 51.
51
Calculate the highest common factor of 50 and 8.
2
Calculate the greatest common factor of 7 and 567.
7
Calculate the highest common divisor of 36075 and 225.
75
Calculate the highest common divisor of 460 and 92.
92
What is the greatest common factor of 799 and 187?
17
Calculate the highest common divisor of 70 and 56.
14
Calculate the greatest common divisor of 11 and 2167.
11
Calculate the highest common divisor of 2993 and 73.
73
Calculate the highest common divisor of 221 and 629.
17
What is the greatest common divisor of 2641 and 556?
139
What is the highest common factor of 777 and 42?
21
What is the greatest common divisor of 182 and 2436?
14
What is the greatest common factor of 14 and 106?
2
What is the highest common divisor of 13750 and 110?
110
Calculate the highest common divisor of 97 and 5141.
97
What is the highest common factor of 60 and 1740?
60
Calculate the highest common factor of 74 and 296.
74
What is the greatest common factor of 85 and 1003?
17
What is the greatest common factor of 84 and 1064?
28
What is the greatest common factor of 112 and 32?
16
What is the greatest common factor of 945 and 10?
5
Calculate the greatest common factor of 4 and 9.
1
What is the highest common factor of 36 and 3012?
12
What is the highest common factor of 2256 and 705?
141
Calculate the greatest common divisor of 39 and 1131.
39
What is the highest common factor of 230 and 20?
10
Calculate the highest common divisor of 195 and 13.
13
Calculate the greatest common divisor of 32 and 45.
1
Calculate the greatest common divisor of 12 and 22.
2
What is the greatest common divisor of 100 and 2050?
50
What is the highest common factor of 36 and 30?
6
Calculate the highest common divisor of 4 and 1396.
4
What is the highest common factor of 100 and 190?
10
What is the highest common divisor of 27 and 3537?
27
Calculate the highest common divisor of 2006 and 17.
17
What is the greatest common divisor of 132 and 7458?
66
What is the highest common divisor of 60 and 1380?
60
Calculate the highest common factor of 25 and 25.
25
Calculate the highest common divisor of 45 and 25.
5
Calculate the greatest common divisor of 138 and 230.
46
What is the highest common factor of 3 and 339?
3
Calculate the greatest common factor of 143 and 77.
11
What is the highest common divisor of 22581 and 234?
117
Calculate the greatest common divisor of 216 and 8.
8
What is the greatest common divisor of 231 and 330?
33
What is the greatest common factor of 972 and 405?
81
What is the greatest common factor of 170 and 60?
10
What is the greatest common divisor of 84 and 294?
42
Calculate the highest common divisor of 124 and 116560.
124
Calculate the highest common factor of 664 and 3403.
83
Calculate the greatest common divisor of 155 and 10.
5
What is the greatest common divisor of 84037 and 19?
19
Calculate the greatest common factor of 9492 and 56.
28
Calculate the highest common factor of 192 and 75.
3
Calculate the highest common factor of 40 and 700.
20
Calculate the greatest common divisor of 28 and 224.
28
Calculate the highest common divisor of 510 and 1938.
102
Calculate the greatest common divisor of 3051 and 18.
9
Calculate the greatest common divisor of 2522 and 442.
26
Calculate the greatest common divisor of 18630 and 2025.
405
What is the highest common factor of 32 and 640?
32
What is the greatest common divisor of 4150 and 83?
83
What is the highest common divisor of 145816 and 88?
88
Calculate the greatest common divisor of 5 and 1.
1
Calculate the greatest common divisor of 259 and 407.
37
What is the greatest common factor of 1 and 31?
1
What is the greatest common divisor of 741 and 117?
39
What is the greatest common factor of 16 and 248?
8
What is the highest common divisor of 2266 and 22?
22
Calculate the highest common divisor of 126742 and 77.
77
Calculate the greatest common divisor of 1602 and 12.
6
What is the highest common divisor of 21 and 87?
3
What is the highest common factor of 67926 and 6?
6
Calculate the greatest common divisor of 588 and 168.
84
What is the greatest common divisor of 18 and 414?
18
What is the highest common divisor of 144 and 32?
16
Calculate the greatest common factor of 8 and 1496.
8
What is the highest common divisor of 65 and 767?
13
Calculate the highest common divisor of 910 and 42.
14
Calculate the greatest common divisor of 175 and 225.
25
Calculate the greatest common divisor of 33 and 9.
3
What is the greatest common factor of 4260 and 71?
71
Calculate the greatest common factor of 87 and 17313.
87
What is the highest common factor of 10768 and 16?
16
Calculate the greatest common factor of 3875 and 31.
31
What is the greatest common factor of 915 and 15?
15
Calculate the highest common factor of 1161 and 27.
27
What is the greatest common factor of 17 and 4131?
17
What is the greatest common divisor of 36 and 16614?
18
What is the highest common divisor of 332 and 8?
4
What is the greatest common factor of 10 and 1630?
10
Calculate the highest common factor of 90 and 6714.
18
What is the highest common factor of 52 and 1800?
4
Calculate the greatest common divisor of 38 and 608.
38
Calculate the highest common factor of 434 and 124.
62
What is the highest common divisor of 152 and 418?
38
Calculate the greatest common divisor of 70 and 14.
14
Calculate the greatest common factor of 288 and 3150.
18
Calculate the highest common divisor of 480 and 36.
12
What is the greatest common divisor of 1045 and 1375?
55
What is the highest common factor of 135 and 2115?
45
Calculate the greatest common divisor of 170 and 60.
10
Calculate the highest common divisor of 100 and 500.
100
Calculate the highest common divisor of 10 and 1150.
10
What is the greatest common divisor of 520 and 376?
8
Calculate the highest common divisor of 208 and 2236.
52
What is the greatest common divisor of 4394 and 78?
26
What is the greatest common factor of 104 and 14690?
26
What is the great